{"id":24,"date":"2021-01-16T23:55:58","date_gmt":"2021-01-16T22:55:58","guid":{"rendered":"http:\/\/www.fcpe4marcoussis.fr\/?page_id=24"},"modified":"2025-11-17T09:23:54","modified_gmt":"2025-11-17T08:23:54","slug":"vos-representants","status":"publish","type":"page","link":"https:\/\/www.fcpe4marcoussis.fr\/index.php\/vos-representants\/","title":{"rendered":"Vos repr\u00e9sentants FCPE Marcoussis"},"content":{"rendered":"\n<p><\/p>\n\n\n\n<h2 class=\"has-text-align-center has-black-color has-text-color has-large-font-size\"><strong>T\u00eates de liste 2025-202<\/strong>6 :<\/h2>\n\n\n\n<p class=\"has-text-align-center\"><strong>Acacias :<\/strong> No\u00e9mie Gervet-Mouchain<\/p>\n\n\n\n<p class=\"has-text-align-center\"><strong>JJR :<\/strong> Manon Lucas<\/p>\n\n\n\n<p class=\"has-text-align-center\"><strong>L&#8217;Orme :<\/strong> Gabriel Dos Santos<\/p>\n\n\n\n<p class=\"has-text-align-center\"><strong>Etang Neuf :<\/strong> Aur\u00e9lie Bertrand<\/p>\n\n\n\n<p class=\"has-text-align-center\"><strong>Coll\u00e8ge PM France :<\/strong> Jeanne Dito<\/p>\n\n\n\n<p class=\"has-text-align-center\"><strong>Commission restauration de Marcoussis<\/strong> : Anais et Jennifer<\/p>\n\n\n\n<p><\/p>\n\n\n\n<p class=\"has-text-align-center\">Pour toute question, \u00e9crivez \u00e0 :  <a href=\"https:\/\/www.fcpe4marcoussis.fr\/wp-admin\/contact@fcpe4marcoussis.fr\">contact@fcpe4marcoussis.fr<\/a><\/p>\n\n\n\n<div class=\"wp-block-image\"><figure class=\"aligncenter size-large\"><img loading=\"lazy\" width=\"410\" height=\"1024\" src=\"https:\/\/www.fcpe4marcoussis.fr\/wp-content\/uploads\/2023\/09\/OK-fond-fonce-majuscules-copie-410x1024.jpg\" alt=\"\" class=\"wp-image-339\" srcset=\"https:\/\/www.fcpe4marcoussis.fr\/wp-content\/uploads\/2023\/09\/OK-fond-fonce-majuscules-copie-410x1024.jpg 410w, https:\/\/www.fcpe4marcoussis.fr\/wp-content\/uploads\/2023\/09\/OK-fond-fonce-majuscules-copie-120x300.jpg 120w, https:\/\/www.fcpe4marcoussis.fr\/wp-content\/uploads\/2023\/09\/OK-fond-fonce-majuscules-copie-768x1920.jpg 768w, https:\/\/www.fcpe4marcoussis.fr\/wp-content\/uploads\/2023\/09\/OK-fond-fonce-majuscules-copie-615x1536.jpg 615w, https:\/\/www.fcpe4marcoussis.fr\/wp-content\/uploads\/2023\/09\/OK-fond-fonce-majuscules-copie-819x2048.jpg 819w, https:\/\/www.fcpe4marcoussis.fr\/wp-content\/uploads\/2023\/09\/OK-fond-fonce-majuscules-copie-scaled.jpg 1024w\" sizes=\"(max-width: 410px) 100vw, 410px\" \/><\/figure><\/div>\n\n\n\n<h2 class=\"has-text-align-center has-larger-font-size\">Une question en particulier ? Nous sommes l\u00e0 pour y r\u00e9pondre !<\/h2>\n\n\n\n<p class=\"has-large-font-size\" id=\"block-b164c5ce-c45e-46a8-a302-0f74fd505dc0\"><strong>\u00c9cole maternelle de l&#8217;Etang Neuf<\/strong><\/p>\n\n\n\n<p id=\"block-87696d60-f726-43e4-98f6-982ced0fae10\"><strong>Gabriel Dos Santos<\/strong> (<strong>fcpe.etangneuf.marcoussis@gmail.com<\/strong>)<\/p>\n\n\n\n<p class=\"has-large-font-size\" id=\"block-f902b2e4-5b7e-4bd9-8551-1dfce30667d5\"><strong>\u00c9cole maternelle Jean-Jacques Rousseau<\/strong><\/p>\n\n\n\n<p id=\"block-5f6ee16f-041d-4cac-997d-068006e29104\"><strong>Manon Lucas<\/strong><\/p>\n\n\n\n<p class=\"has-large-font-size\" id=\"block-0e6c68f9-de9b-4699-8a6f-6909bc6fc8d2\"><strong>\u00c9cole primaire de l&#8217;Orme<\/strong><\/p>\n\n\n\n<p id=\"block-3c1eab54-c02e-4a6a-8c48-41229e44ad4a\"><strong>Gabriel Dos Santos<\/strong> (<strong>fcpeormemarcoussis@gmail.com<\/strong>)<\/p>\n\n\n\n<p class=\"has-large-font-size\" id=\"block-c9b1866f-60dc-4bc5-a8eb-77f1c5503a55\"><strong>\u00c9cole primaire des Acacias<\/strong><\/p>\n\n\n\n<p id=\"block-5679c7f2-68d2-4747-bf59-96101d445c90\">No\u00e9mie Gervet Mouchain<\/p>\n\n\n\n<p class=\"has-large-font-size\" id=\"block-af78e4b7-9d6e-4957-aed6-586c5bd53d7f\"><strong>Coll\u00e8ge Pierre Mendes-France<\/strong><\/p>\n\n\n\n<p id=\"block-6585e24a-0af4-4341-a6d3-7ba5b9c4ef8b\"><strong>Jeanne Dito : <\/strong><\/p>\n","protected":false},"excerpt":{"rendered":"<p>T\u00eates de liste 2025-2026 : Acacias : No\u00e9mie Gervet-Mouchain JJR : Manon Lucas L&#8217;Orme : Gabriel Dos Santos Etang Neuf : Aur\u00e9lie Bertrand Coll\u00e8ge PM&#8230;<\/p>\n<div class=\"more-link-wrapper\"><a class=\"more-link\" href=\"https:\/\/www.fcpe4marcoussis.fr\/index.php\/vos-representants\/\">Lire la suite<span class=\"screen-reader-text\">Vos repr\u00e9sentants FCPE Marcoussis<\/span><\/a><\/div>\n","protected":false},"author":4,"featured_media":0,"parent":0,"menu_order":0,"comment_status":"closed","ping_status":"closed","template":"","meta":[],"_links":{"self":[{"href":"https:\/\/www.fcpe4marcoussis.fr\/index.php\/wp-json\/wp\/v2\/pages\/24"}],"collection":[{"href":"https:\/\/www.fcpe4marcoussis.fr\/index.php\/wp-json\/wp\/v2\/pages"}],"about":[{"href":"https:\/\/www.fcpe4marcoussis.fr\/index.php\/wp-json\/wp\/v2\/types\/page"}],"author":[{"embeddable":true,"href":"https:\/\/www.fcpe4marcoussis.fr\/index.php\/wp-json\/wp\/v2\/users\/4"}],"replies":[{"embeddable":true,"href":"https:\/\/www.fcpe4marcoussis.fr\/index.php\/wp-json\/wp\/v2\/comments?post=24"}],"version-history":[{"count":6,"href":"https:\/\/www.fcpe4marcoussis.fr\/index.php\/wp-json\/wp\/v2\/pages\/24\/revisions"}],"predecessor-version":[{"id":523,"href":"https:\/\/www.fcpe4marcoussis.fr\/index.php\/wp-json\/wp\/v2\/pages\/24\/revisions\/523"}],"wp:attachment":[{"href":"https:\/\/www.fcpe4marcoussis.fr\/index.php\/wp-json\/wp\/v2\/media?parent=24"}],"curies":[{"name":"wp","href":"https:\/\/api.w.org\/{rel}","templated":true}]}}